ainder when 123 is divided by ((1 + s)*10)/2?
23
Let q = 577 - 375. Let a = -72 + 84. Calculate the remainder when q is divided by a.
10
Let z(d) be the second derivative of d**4/4 - 4*d**3/3 - 5*d**2/2 + 15*d. What is the remainder when 18 is divided by z(4)?
7
Suppose -3*l - 5*k = -3*k - 141, 0 = 2*l - 3*k - 81. Let z = 55 - l. What is the remainder when z is divided by 7?
3
Suppose 0 = -33*z + 39*z - 444. Calculate the remainder when 86 is divided by z.
12
Let b(a) = -a**2 + 42*a - 404. What is the remainder when 38 is divided by b(27)?
0
Let s be 18/24 + (-206)/8. What is the remainder when s/(-2) - (-36)/24 is divided by 6?
2
Let w = -95 - -160. Let n(l) = -6*l - 6*l - 4 + 2*l + 1. What is the remainder when w is divided by n(-2)?
14
Let w(s) = s**3 + 10*s**2 + 9*s. Let y be w(-9). Suppose -4 = p, y = 4*m + 7*p - 3*p - 192. Calculate the remainder when m is divided by 18.
16
Let j be (-508)/2 + (-4 + -4 - -5). What is the remainder when 30 is divided by j/(-15) + (-13)/(975/10)?
13
Let u(t) = -t**2 - 6*t. Let i be u(-7). What is the remainder when (104/32)/((-1)/(-12)) is divided by (-59)/(-3) - i/21?
19
Suppose 0 = -5*z - 7 + 47. Let k(t) = 2*t**2 - 10*t - 1. What is the remainder when k(z) is divided by 17?
13
Let j = 183 - 47. Let z = j - 81. What is the remainder when z is divided by 19?
17
Suppose 2*d = 2*r - 32, 2*d + 6 = -3*r + 74. Let j be ((-255)/(-9) - -1)*3. Suppose j = m + 30. Calculate the remainder when m is divided by r.
18
What is the remainder when 122 + 1 + 6 + 3/(-3) is divided by 43?
42
Let b(g) = -5*g**2 - g - 6. Let l be b(-2). Calculate the remainder when 103 is divided by 1 - -20 - (-6 + l/(-4)).
19
Suppose 26 = f + f. Let a(o) = o**3 - 6*o**2 - o + 7. Let x be a(6). Calculate the remainder when -1*(x + (-39 - -1)) is divided by f.
11
Let g(l) = l**3 + l**2 + l - 1. Let y(k) = -3*k**3 + 5*k**2 - 7*k - 1. Let t(w) = 4*g(w) + y(w). Calculate the remainder when t(-9) is divided by 5.
2
Let g = -332 - -380. What is the remainder when 233 is divided by g?
41
Suppose -6 = k - 8. Calculate the remainder when 30 is divided by ((-8)/k)/((-12)/24).
6
Let w be ((-105)/42)/(5/(-24)). Suppose -54 = -w*a + 10*a. What is the remainder when 67 is divided by a?
13
Let u = -19 - -22. Suppose -2*v + 3*v + 4*j + 2 = 0, u*j = -4*v + 5. Suppose -k - 2*h + 46 = v*h, 0 = -2*h. What is the remainder when k is divided by 16?
14
Suppose 0 = 4*w - 4*h - 28, -4*h + 9 = 3*w - 26. What is the remainder when 12 is divided by w?
3
Let j(v) = -v**2 + 6*v + 5. Let c be j(7). What is the remainder when ((-106)/(-8))/(c/(-8)) is divided by 28?
25
Suppose 0 = 2*w - 1 - 3. Suppose 2 - 4 = -w*f, 4*k + 2*f = -38. Calculate the remainder when 47 is divided by 4/(-10) + (-164)/k.
15
Let r(i) = -i**2 - 18*i - 8. Calculate the remainder when 124 is divided by r(-13).
10
Suppose -4*f + 6 = -f. Let h be f/(-1) - -1 - 2. What is the remainder when 117 is divided by (-30)/(-4)*(h - -7)?
27
Let n(m) = m**3 + 5*m**2 + 7*m - 4. Let v be n(-4). Calculate the remainder when 254 is divided by -6 + (-5)/(-1) - v.
14
Let l(v) = -13*v - 7. Let p be l(-7). Suppose 0 = -3*i + 42 + p. Let o = -107 + 122. What is the remainder when i is divided by o?
12
Let v = 738 - 478. Suppose 0 = -0*r + 4*r - v. What is the remainder when r is divided by 22?
21
Suppose w = -5*o + 58, -207*o + 210*o + 232 = 4*w. What is the remainder when 461 is divided by w?
55
Suppose -81*s - s - 71 + 8353 = 0. Let q = 94 + -41. Calculate the remainder when s is divided by q.
48
Suppose v - 4*q = -3*v + 32, 5*v - 20 = q. Calculate the remainder when 76/(v + 0 - 1) is divided by 8.
6
Suppose -v = 3*z + 9, -8*z + 4*z = 5*v - 10. Let x(t) = 38*t - 67. Calculate the remainder when x(v) is divided by 55.
51
Let d(s) = s**3 - 18*s**2 - 27*s + 165. Let g = -15 - -33. What is the remainder when g is divided by d(19)?
5
Let t(j) = -2*j**2 + 15*j - 7. Let p be t(11). Let o be p/7*(-2)/8. Suppose -4*c = -4, -a - c = o*c - 19. What is the remainder when a is divided by 8?
7
Suppose 0 = -5*p - 23 + 73. Calculate the remainder when -3 - -1 - (-33 - -2) is divided by p.
9
Calculate the remainder when 23 is divided by (-189)/(-108) + 65/4.
5
Suppose -51 = -o - 11. Calculate the remainder when o is divided by (-2)/(-1*2) - -10.
7
Let d(g) = g**2 + 8*g - 14. Let u = -4 + 13. Let w(y) = 2*y - 13. Calculate the remainder when d(-11) is divided by w(u).
4
Suppose 4*n - w = -3*w + 36, 4*n - 28 = 2*w. Suppose 19 = -n*f + 331. What is the remainder when f is divided by 11?
6
Suppose -5 = -4*z + 7. Suppose -1035 = -54*l - 9. Calculate the remainder when z/(-6)*-11*10 is divided by l.
17
Let w be (1*3)/((-4)/(-4)). Suppose u - 61 + 21 = 4*i, 2*u = w*i + 65. Suppose 639 = -30*f + 3099. What is the remainder when f is divided by u?
26
What is the remainder when -3 + 100/36 - 18162/(-81) is divided by 74?
2
Let d(l) = -7*l + 1. Calculate the remainder when d(-6) is divided by ((-372)/(-155))/((-2)/(-20)).
19
What is the remainder when -197*(-8 + 2 + 5) is divided by 67?
63
Calculate the remainder when 34 is divided by 4*64/56 - (-8)/(-14).
2
Suppose 435*p - 423*p - 228 = 0. Let s = 179 + -35. Suppose -l + 5*l - s = 0. What is the remainder when l is divided by p?
17
Let f(r) = -2*r - 8. Let y(i) = 7*i - 5. Calculate the remainder when f(-9) is divided by y(2).
1
Suppose -59*j + 66*j = 77. What is the remainder when 98 is divided by j?
10
Let i = 67 - 64. Calculate the remainder when (121 + 5)/(i - 1) is divided by 13.
11
Let a(f) = -f**3 - 33*f**2 + f + 155. Suppose -2*j - 155 = -7*j. Calculate the remainder when a(-33) is divided by j.
29
Let v(k) = k + 10. Let o be v(-10). Suppose o = 2*h - 27 - 1. Suppose 5*a = 3*a + h. What is the remainder when 20 is divided by a?
6
Let b = -61 + 59. What is the remainder when 72 is divided by (-66)/(-4) + b + (-2)/(-4)?
12
Let h(a) = 2*a**2 - 12*a - 52. What is the remainder when h(-5) is divided by 15?
13
Let x(p) = -p**3 + 7*p**2 + 18*p + 14. What is the remainder when 261 is divided by x(9)?
9
Suppose 4*l = j - 8, -4*j - 37*l + 52 = -33*l. Suppose -47 = -5*c - 7. What is the remainder when j is divided by c?
4
Let r(i) = 4*i**2 + 19*i - 6. Let x be r(-6). Let s = 36 - x. What is the remainder when 35 is divided by s?
11
Suppose -1572 - 90 = -6*b. Calculate the remainder when b is divided by 35.
32
Let c = -58 + 82. Suppose -k + c = 3*k. Suppose -2*z + 2*a - k*a = -66, a = z - 18. Calculate the remainder when z is divided by 6.
5
Let c(s) = -s**2 - 26*s + 352. What is the remainder when 256 is divided by c(-35)?
34
Suppose -3*m - 3*y + 2019 = 0, 4*y + 3350 = 5*m + 6*y. Calculate the remainder when m is divided by 5.
3
Suppose 0 = 2*r - 5*r + 21. What is the remainder when (12/(-8))/((-21)/364) is divided by r?
5
Suppose 3 = -7*v + 3*v - 5*z, 0 = 3*v + 3*z. Let c be (16 - 14)/(1 - -1). Calculate the remainder when (v - c)*(-1 + 42) is divided by 17.
14
Suppose -51*p - 363 = -5*x - 53*p, -4*x + 288 = p. Calculate the remainder when 281 is divided by x.
68
Suppose -i + 28 = -23. Let z = -33 + i. What is the remainder when 68 is divided by z?
14
Let k(x) = 8*x - 396. Calculate the remainder when 168 is divided by k(50).
0
Let f(s) = 7*s + 1. Let c(y) = -15*y + 24. Let v(b) = -8*b + 12. Let t(g) = 3*c(g) - 5*v(g). What is the remainder when t(-6) is divided by f(2)?
12
Suppose -117 = -3*f + 3*y, y - 5*y + 131 = 3*f. Calculate the remainder when f is divided by 2*(-4 - (-15)/(-10))/(-1).
8
Suppose -4*f - 4 = 2*r + 6, f - 10 = -3*r. Let q = r + -1. Calculate the remainder when 5 is divided by q.
1
Suppose -5*s + 5*x = -290, -49 = -s - 15*x + 19*x. What is the remainder when 70 is divided by s?
9
Let a = -28 + 28. Suppose a*z + 63 = 7*z. What is the remainder when 42 is divided by z?
6
Let v = 0 - -9. Let o(m) = -m**3 + 8*m**2 + 10*m + 6. Let n(w) = -6*w - 6. Calculate the remainder when n(-8) is divided by o(v).
12
Suppose 0 = 12*a - 87 - 321. What is the remainder when 114 is divided by a?
12
Suppose 0 = -10*k + 27 - 7. Suppose 3*l + 2*l + 5*z - 100 = 0, k*l - 3*z - 45 = 0. Suppose -4*o + 223 = -109. What is the remainder when o is divided by l?
20
Suppose -2*h = -2*r + 22, h = 2*r - 7*r + 49. What is the remainder when r is divided by ((-2)/21)/((-120)/2520)?
0
Suppose 4*a = -5*p - 0*p + 396